 0, 4*m + 10 = -4*q + 114. What is the units digit of q?
8
Let j = -4 - -7. Suppose 0 = j*v - 2*p + 7, 6 - 1 = 5*v + 5*p. What is the units digit of v/(1/(-5)) - 0?
5
Let f(v) = -v**2 - 7*v - 8. Let t be f(-6). What is the units digit of (-6)/(t + 12/7)?
1
Suppose -4*c = -5*d + 15, 8*d = 3*d - 4*c + 15. Suppose 0 = -4*r + 2*h - h + 41, -33 = -d*r + 3*h. What is the units digit of r?
0
Suppose 0 = -b + 2*q + 4, -2*b + 2 = 4*q - 2*q. Suppose 9 = -b*d + d - 5*t, -3*t - 11 = d. What is the units digit of (-1)/(-2) - 77/d?
6
Suppose 48 = 5*s - 107. What is the units digit of s?
1
Suppose 2*k + 4 = -0*g + 3*g, -10 = -4*g - 2*k. What is the units digit of g?
2
Let g(b) = -b**2 + 8*b + 8. Let v be g(7). Let n = 11 + -5. Let c = v - n. What is the units digit of c?
9
Let j = 0 + 12. Let l(s) = s**2 - 9*s + 2. What is the tens digit of l(j)?
3
Suppose 4*s = -0*s + 20. Suppose s*m = -2*f + 2*m + 64, -194 = -5*f + m. What is the tens digit of f?
3
Let y = 1 + 10. Let a = 33 - y. What is the units digit of a?
2
Suppose 2*d - 28 = g - 79, 4*g - 222 = -d. What is the units digit of g?
5
Let g(t) = -5*t**2 + 5*t + 4. Let h be g(4). Let q = h + 78. What is the units digit of q?
2
Suppose 2*m = u - 20, -m + 5 = u - 3. Suppose 5*d - u = 68. Suppose -q + d = 3*t + t, -5*q = 4*t - 16. What is the units digit of t?
4
Let l be (0/(-1) - 0)/(6/(-6)). Let u(z) be the second derivative of -z**4/12 - z**3/6 + z**2 - z. What is the units digit of u(l)?
2
Let x(a) = -a - 5. Let v be x(-4). Let j be 1*v*(0 + -1). Suppose -2*g = -g - j. What is the units digit of g?
1
Suppose 2 - 5 = 3*j. Let d = j - -2. What is the units digit of d?
1
Suppose -3*d + 32 = 4*u + 7, 5*d + 5*u = 50. What is the units digit of d?
5
Let c = 23 + 3. What is the units digit of c?
6
Let s(t) = -t**2 + 2*t + 4. Let m be s(3). Suppose -2*d + 1 = -m. What is the units digit of d?
1
Let s = -11 - -16. Suppose -s*d = y + 21, -3*d + 0*d = -5*y + 35. Suppose 0 = -y*i + 3*z + 32, 0*i + 5*z = -2*i - 10. What is the units digit of i?
5
Let a(r) = r**2 - 3*r. Let n be a(6). Let y = -11 + n. Let q = y - 2. What is the units digit of q?
5
Suppose 0 = -17*n + 12*n + 420. What is the tens digit of n?
8
Let y = 34 - -2. What is the units digit of y?
6
Let w be 1/(((-20)/88)/5). Let s = w + 49. What is the units digit of s?
7
Let p = 35 - 32. What is the units digit of p?
3
Suppose -n - 3*n - s + 19 = 0, 2*n = -4*s - 8. Suppose -2*q - 16 = -n*q. Let o = 7 + q. What is the units digit of o?
1
Suppose 0 = 2*c + 2*c. Let s = 31 + -31. Suppose s*r - r + 4 = c. What is the units digit of r?
4
Suppose 0*m - 28 = -4*m. Let x = m + -4. What is the units digit of x?
3
Let x(k) = -k - 9. Let s be x(-7). Suppose 0*f = 2*f. What is the units digit of (f - -2)*(-5)/s?
5
Suppose 4*f = -4*f + 1416. What is the tens digit of f?
7
Let d be 7/(-28)*(1 + -173). Suppose -5*p + 0 = -4*z + d, 4*p = -4*z + 88. What is the units digit of z?
7
Let h = -2 - 0. Let g be 2/3*-3 - h. Suppose -2*u + 2*p = -12, g*p + 24 = 4*u + 3*p. What is the units digit of u?
6
Suppose -r + 8 = -3*r. Let i(k) = -k**3 - 3*k**2 - 6*k - 2. What is the tens digit of i(r)?
3
Let p(j) = 2 + 2 + 2 + 2*j. What is the units digit of p(7)?
0
Let l = -251 + 407. What is the tens digit of l?
5
What is the hundreds digit of 22*5 - 1/4*-4?
1
Let s be ((-10)/(-8))/((-2)/(-64)). Let o = -6 - 22. Let x = o + s. What is the units digit of x?
2
Let a be 2 + 3/(-2 + -1). What is the tens digit of (4 + -2 - -26) + a?
2
Let l = -4 - -5. What is the tens digit of (-1 - -1 - l) + 17?
1
Suppose -22 - 2 = 4*c. Let j = 10 + c. What is the units digit of j?
4
Suppose 2*t + 458 = -0*l + 5*l, 2*l + 5*t - 189 = 0. What is the tens digit of l?
9
Let p(w) = -3*w - 2*w**2 - w**2 - 5 + 4*w**2. Let z(y) = -4*y - 6. Let t be z(-3). What is the tens digit of p(t)?
1
Suppose -3*l = -4*m - 1, 4*l + 27 = -5*m - 13. What is the tens digit of (11/m)/(2/(-8))?
1
Suppose 3*a + w - 6 = 6, -2*a + 4*w = -22. Suppose -v = 2, -4*u = -a*v - 3 - 51. What is the tens digit of u?
1
Suppose 2*w - 4 = 3*a, 4 = -0*w + 4*w - 5*a. Let h = 6 + w. What is the units digit of h?
2
Suppose 0 = 3*p + 6 - 54. Let w = 28 - p. What is the tens digit of w?
1
Suppose 3*a = 7 + 5. Suppose -c - 3*c = a*i - 28, -6 = 2*i - 2*c. What is the units digit of i?
2
Let x = -93 - -177. Suppose 0 = 4*k + 5*a - x, 0 = 5*k - 3*a - 72 - 70. What is the units digit of k?
6
Let t = 9 + -1. What is the units digit of t?
8
Suppose -5*w - 16 = -6. Let d be w/(-6) + (-28)/(-6). Suppose d*v - 3 = -2*i + 8, -4 = 2*i. What is the units digit of v?
3
Suppose 2*j + 3*n = 473, -3*j + 0*j + 5*n = -757. What is the hundreds digit of j?
2
Suppose 2*c + 416 = 6*c. What is the hundreds digit of c?
1
Let w(i) = i**3 - 15*i**2 - 10*i - 14. What is the tens digit of w(16)?
8
Let u = -2 - -2. Suppose -2*p - 3*a + 152 = u, 2*p + p = -a + 214. Suppose p = 9*b - 4*b. What is the units digit of b?
4
Let h(l) = l**2 - 9*l - 4. Let f be h(7). Let c = 16 - f. Let x = -21 + c. What is the units digit of x?
3
Suppose 5*m - 169 - 6 = 0. What is the units digit of m?
5
Suppose 17*k + 504 = 21*k. What is the hundreds digit of k?
1
Suppose 0 = -2*l - 1 + 5. Suppose -4*k + 5*r + 45 = 0, k + 3*r = -8 - l. What is the units digit of k?
5
Let z be 8 - 1/((-1)/(-3)). Suppose z*k - 63 = -3. What is the units digit of k?
2
Suppose -4*i = -257 + 61. What is the units digit of i?
9
Suppose 23 = 2*v + 3*x, 5*x = 2*v - 16 - 15. What is the units digit of v?
3
Let m be 78/21 + (-6)/(-21). Suppose -x - 2*x = -15. Let h = x - m. What is the units digit of h?
1
Let w = -7 - -4. Let n(g) = -7*g - 1. What is the units digit of n(w)?
0
Let f(y) = -y**3 - 7*y**2 + y + 9. Let u be f(-7). Suppose 3*r = 4*k + 19, 4*r + 23 = -u*k - 3. Let z = 14 + k. What is the units digit of z?
7
Let n = -14 + 204. What is the tens digit of n?
9
Let j(t) = 6*t + 58. What is the tens digit of j(11)?
2
Let k be 2 + (-1 - (-1 + -1)). Let y(w) = w**2 - 1. Let z be y(2). Suppose -q = -k - z. What is the units digit of q?
6
What is the tens digit of 16/2 - (0 - 3)?
1
Suppose 3*f + 2 = -1. Let c be 1*f/2*6. Let m = 4 + c. What is the units digit of m?
1
Let k(x) = -x**3 - 7*x**2 + 14. What is the units digit of k(-7)?
4
Let r(t) = -t**3 - 10*t**2 + t + 13. Suppose -2*c = -0*c + 20. Let y be r(c). Suppose 0 = -g - y + 10. What is the units digit of g?
7
Suppose 0 = -4*p + 20, -5*p - 117 = -t - 0*t. What is the hundreds digit of t?
1
Let u = -6 + 4. Let l = 4 + u. What is the units digit of l?
2
Let d = -2 + 2. Suppose 0 = h + 2, 0 = -4*j - d*j - h - 2. Suppose o = j, 2*o = -r - 0*r + 6. What is the units digit of r?
6
Suppose -2*n + 2 + 4 = 4*g, -g + 5*n = 15. Suppose g = x + 4*x - 120. What is the tens digit of x?
2
Suppose 2*y + 20 = -2. Let z = y - -34. What is the units digit of z?
3
Let m = 55 - -53. What is the units digit of m?
8
Let t = -31 - -43. What is the units digit of (-39)/2*t/(-9)?
6
What is the units digit of (-178)/4*3*2/(-3)?
9
Let b be 3 - (0 - 3 - -2). Suppose -b*m = -3*m - 3. Suppose m = 2*o - 15. What is the units digit of o?
9
Suppose 0 = o - j - 58, -2*j - 8 = -4*j. What is the tens digit of o?
6
Suppose 6 = -2*h + h + 5*l, -4*h = 3*l + 1. Let x be 1*h*2 + 7. Suppose 0 = 4*q - b + 2*b - 9, -4*q = -x*b + 21. What is the units digit of q?
1
Let w(l) = 2*l - 1. Let q = -2 - -3. Let z be w(q). Suppose -5 = -2*i + z. What is the units digit of i?
3
Let l(y) = -y**3 - 11*y**2 - 6*y + 8. Let q be l(-10). Let m = -22 - q. What is the tens digit of m?
1
Let a = 4 - 6. Let q be -1 - (a/(-2) + -6). Suppose -2*z = q*m - 8, 3*z + 2*m - 20 = 8. What is the units digit of z?
2
Suppose 0 = -3*z - 17 + 74. What is the units digit of z?
9
Suppose -4*i - 5*f + 22 = 0, 3*i + 3*f - 15 = -0*f. Suppose i*o - 92 + 23 = 0. What is the units digit of o?
3
What is the units digit of (-1 - (-269)/3) + 8/(-12)?
8
Let a(k) = -16*k**3 + k**2. What is the units digit of a(-1)?
7
Let z(s) = -2*s**3 + 2*s**2 + s + 2. Let j be z(2). What is the units digit of 7/(10/j - -3)?
4
Suppose -82 = -4*s + 2*w, 3*s + 2*s - 98 = -2*w. What is the units digit of s?
0
Let i(c) = c**2 - 4*c + 2. Let h be i(3). Let y be (h + 7)*(-4)/(-12). Suppose l + y*l = -4*z + 13, -4*z + 18 = 2*l. What is the units digit of z?
7
Suppose 5*o = l - 77, 4*